a(q).
-4
Let v(n) = 2*n + 22. Let p be v(-10). Let m be (-2)/(-9) - (-16)/9. Let a(b) = 3 + 3*b**p - b - 2 + 3*b**3 - m*b**3. Determine a(-3).
4
Let j be -1*1 + (7 - (3 + 3)). Let x(k) be the second derivative of -k**3 - 1/12*k**4 + j - 3*k - k**2. Determine x(-4).
6
Let h(n) = 8*n**2 - 32*n - 21. Let m(i) = 3*i**2 - 11*i - 7. Let r(y) = 4*h(y) - 11*m(y). Determine r(-6).
-1
Let t(l) = l**3 - l**2 - 15. Suppose -5 = -r, 2*r - 4*r + 10 = 5*o. Give t(o).
-15
Let x(b) be the second derivative of -b**7/840 - b**6/180 - b**5/120 + b**4/24 - b**3/6 + 4*b. Let z(j) be the second derivative of x(j). Determine z(-2).
3
Let m(p) = 5*p - p**2 - 11*p - p**3 + 8*p + 1. Give m(-2).
1
Let u(i) = -2*i + 5. Let f(j) = j - 4. Let y be (0 + -5)/(-3 - -4). Let q(v) = y*f(v) - 4*u(v). What is q(-2)?
-6
Let r(z) = -6 + 3 - 2*z - 2. Let u be r(-4). Let v(q) = -q**2 + 4*q**3 + 0 - 3*q**u - 4*q + 5*q**2 + 5. Determine v(-5).
0
Suppose 2*v - 9 = 3*b + 6, -3*b - 5*v - 15 = 0. Let q(r) = r**3 + 4*r**2 - 5*r + 7. What is q(b)?
7
Let q(y) = -y**2 + 2*y + 6. Let d(g) = g + 9. Let v be d(-6). Suppose 0 = v*h + k - 18, -k + 3*k = 6. Calculate q(h).
-9
Let a(d) = d**3 + 12*d**2 + 11*d + 2. Let s be a(-11). Let k(j) = j**3 - 4*j**s - 29 + 14 + 12 - 3*j. What is k(5)?
7
Let h(q) = -3*q - 4. Let b(a) = -10*a - 12. Let m(p) = 5*b(p) - 16*h(p). What is m(5)?
-6
Let x(l) = 4*l**3 - 3*l**2 + l + 2. Let i = -14 - -10. Let g(b) = -4*b**3 + 4*b**2 - b - 3. Let w(u) = i*x(u) - 3*g(u). Give w(1).
-4
Let s(m) = -8 - 5*m - 5*m + 21*m - 9*m. Calculate s(6).
4
Let d be (-4)/112 - 4/(-14). Let g(z) be the third derivative of 0*z - 2/3*z**3 + d*z**4 + 0 - 1/60*z**5 - z**2. What is g(5)?
1
Let z be (-3)/((-22)/4 + 4). Let p(g) = 2*g**2 - 2. Determine p(z).
6
Let w be ((-1)/2)/(2/(-8)). Let d = w - 0. Let m(s) = -s**3 - 4*s**d + 2*s**3 + 2 + 0 + 2*s. What is m(2)?
-2
Let h(g) = -g + 10. Suppose -w = 4*w. Calculate h(w).
10
Let j = -40 + 49. Let h(s) = -s**3 + 8*s**2 + 8*s + 6. Calculate h(j).
-3
Suppose 20 = -0*u + 4*u, -4*r - 2*u = -6. Let j(q) = 2*q**3 - q**2 - q. Give j(r).
-2
Let w(c) = 2*c + 2. Suppose 0*z + 135 = 5*z. Suppose -5*f - z = -0*g - g, 5*f = -15. Suppose 10 = -d - 2*v + 1, 0 = 4*v + g. Calculate w(d).
-4
Let i(k) be the first derivative of 3/2*k**2 - 2 + 6*k. Let q(o) = -o**3 + 6*o**2 - 6*o + 1. Let l be q(5). Calculate i(l).
-6
Let v(p) = -p**2 - 2*p + 3. Suppose -3*i + k - 10 = 0, 0*i + 7 = -i + 4*k. Calculate v(i).
0
Let x(i) = -i**2 + 6*i + 1. Let o(c) = -c - 12. Let f be o(-18). Calculate x(f).
1
Let s(u) = -5*u**2 - u. Let k = 5 - 7. Let z = -1 + k. Let n(h) = -h**2 - 3*h - 1. Let i be n(z). Determine s(i).
-4
Let h = -11 + 13. Let p(u) = -1 + 23*u**2 + 2*u - 20*u**2 - 14*u**h. Determine p(1).
-10
Let c = 2 - 0. Suppose c*k + 3*k - 50 = 0. Let g be (-8)/k + 3/(-15). Let x(u) = -6*u - 1. What is x(g)?
5
Let b(n) = 2*n + 3. Let q(j) = -j - 2. Let s(l) = -3*b(l) - 4*q(l). Let m(x) = 2 - x**2 + 7*x + 0*x**2 - x. Let w be m(6). Calculate s(w).
-5
Let y be 378/105 - (0 - 6/(-10)). Let d(j) be the first derivative of 0*j**y + 3 + j - 3/2*j**4 - 1/2*j**2. Give d(1).
-6
Let h = 4 + -1. Let u(y) = -2*y - 7 + 6 + h*y. Determine u(-5).
-6
Let v(d) be the second derivative of d**5/20 + d**4/2 + 7*d**3/6 + 2*d**2 + 3*d. Let h = -5 + 1. Give v(h).
8
Let t(b) be the second derivative of -b**5/20 + b**4/3 - b**3/6 - 2*b**2 - 31*b. Let p = 0 - -3. Determine t(p).
2
Let x = -3 - -5. Let j(w) be the first derivative of -2 - 2*w - 1/2*w**x. Give j(-2).
0
Suppose -16 = p - 5*p. Let g(q) = q**3 - 2*q**2 - 4*q + 1. Calculate g(p).
17
Let v = -32 - -31. Let j(f) = 6*f**3 - f**2 - f - 1. What is j(v)?
-7
Let k(d) = -d**2 + 7*d - 6. Let j be (0 + -1)/(3/(-12)). Determine k(j).
6
Let l(c) = -6*c**2 - 4*c + 6. Let a(h) = -7*h**2 - 5*h + 7. Let z(i) = -5*a(i) + 6*l(i). Let t be 1*(-5)/1 - -2. Let x be 3/(-2)*(1 + t). Determine z(x).
-5
Let q(g) = g**3 + 5*g**2 + 4*g - 3. Suppose 4 = 7*d - 3*d. Suppose -4*z + 7 = -5*r - d, 0 = 3*r - 4*z. What is q(r)?
-3
Let c(h) = -h**2 - 5*h. Let i(t) = -4*t**3 - 2*t**2 - t. Let g be i(-1). Suppose 0 = 2*n + 5*w - g + 4, -5*n - 2*w = 13. Give c(n).
6
Let u(f) = 4*f**2 + 8*f - 3. Let y(v) = -5*v**2 - 9*v + 4. Let d(a) = 4*u(a) + 3*y(a). What is d(-5)?
0
Let s(w) = 7*w**3 + w**2 + 2*w + 1. Let y(m) = -m**3 - m**2 - m - 1. Let n = 4 - 4. Let o be y(n). Calculate s(o).
-7
Let b(z) = 8*z - 5*z**2 + 2*z**2 + 6 - 3 + 2*z**2. What is b(7)?
10
Suppose 3*s - 20 = -s. Suppose -s*v = -b - 14, -b - 1 + 2 = 0. Let l(m) = -v*m**2 + 0*m + 3*m + m**3 - 7*m. Determine l(4).
0
Let m be (-2)/(-10) - (-5)/(-25). Let u = -1 + 1. Suppose u = -m*p - 3*p - 9. Let r(y) = y - 2. Determine r(p).
-5
Let r = 16 + -7. Let x = 13 - 13. Let f(o) = o**2 + 5 - r + x*o + 3*o. What is f(-5)?
6
Let i(r) be the second derivative of r**5/10 + r**4/6 + r**2/2 + r. Let n(m) = -m**3 - 6*m**2 + 8*m - 2. Let x be n(-7). Let d = x + 7. Determine i(d).
-7
Suppose 21*p - 20 = 17*p. Let x(q) = q**2 - 5*q + 3. What is x(p)?
3
Let p be (-2)/((-4 - -1)/(-6)). Let n(q) = q**3 + 3*q**2 - q - 1. Determine n(p).
-13
Let i(y) = 6 + 7 + y**2 - 2 - 5 + y. Suppose 4*a + 3*j + 4 = 0, -2 = 2*a - 5*j + 2*j. Let k be (a + 1)/((-6)/3). Determine i(k).
6
Let x = 38 + -36. Let a(l) = l**2 - 1. Give a(x).
3
Let f(l) = l - 25. Let n be f(19). Let x(w) be the third derivative of -w**5/60 - 7*w**4/24 - 5*w**3/6 - 4*w**2. Determine x(n).
1
Let f(z) = 11*z**3 + z**2 + 17*z - 11. Let l = 21 - 30. Let k(s) = -5*s**3 - s**2 - 8*s + 5. Let v(h) = l*k(h) - 4*f(h). Calculate v(-4).
-1
Let y(w) be the second derivative of -w**5/20 + w**4/2 - 5*w**3/6 + 7*w**2/2 - 26*w. Determine y(6).
-23
Let c(y) = y + 7. Suppose 2*x = -4*s - 5 - 21, 3*s - 4*x + 36 = 0. Determine c(s).
-1
Let o(b) = 3*b**3 - 2*b**3 - 3*b**3 - 3*b + 3*b**2 + 3. Suppose 0 = -12*c + 19 + 5. Calculate o(c).
-7
Suppose 4*z = 5*n - 39, -z = 5*n - 4*n + 12. Let d = z - -7. Let m(h) = h**3 + 3*h**2 - 5*h. Calculate m(d).
4
Let m(d) = d**3 - 5*d**2 + d. Let n(l) = l**3 + 3*l**2 - 2. Let s be n(-3). Let c = s + 7. Give m(c).
5
Let f(k) = -k**3 + 2*k**2 + k + 1. Let o be f(2). Let x = o - 5. Let t(h) = 2*h**2 + 3*h. Give t(x).
2
Let p = -65 - -67. Let o(f) = 2*f**3 - f**2 + 2*f - 2. Give o(p).
14
Let l(s) = -s**2 + 3*s + 1. Let d be l(4). Let k = d - -3. Let t(v) = -2*v**2 + v**2 + 993*v - 992*v. Calculate t(k).
0
Let s be (-14)/(-21) - 69/9. Let l(m) = m + 12. Determine l(s).
5
Let a(t) = -t**3 + 0*t + 4*t - 3 - t - 3*t**2. Suppose -r + 14 = -5*w + 3, 0 = 5*w + 15. Determine a(r).
1
Let g(q) = 4 + 3 - q**2 - 7*q + 3 - 11. Determine g(-4).
11
Let b be 2 + (2 - 3)*2. Let x be -1 + (b - 1) - 2. Let m(l) = -2*l**2 - 6*l - 1. What is m(x)?
-9
Let p(z) = z**2 + 4*z + 2. Let u be p(-3). Suppose 0 = j - 6*j + 10. Let y(l) = -2*l**2 + l**j - l**2 + 6*l**2. Calculate y(u).
4
Suppose 0 = -f + 1 - 0. Let b(h) = -21*h + 7. Let j(u) = 32*u - 11. Let g(s) = -8*b(s) - 5*j(s). Determine g(f).
7
Let c(j) be the third derivative of j**5/60 + j**4/4 - j**3/6 - 27*j**2. Give c(-4).
-9
Let v(s) = -s**2 - 4*s. Let x be v(-4). Suppose x*b = 2*b. Let g be b/(0 + -1 + 3). Let f(o) = -o**3 - o**2 - 3. Determine f(g).
-3
Let c(t) = -t**2 - 5*t - 5. Let h be (-1 - (-1 - 1))*0 + -6. Determine c(h).
-11
Let s(h) = 6*h**3 - 13*h**2 + 10. Let t(y) = 2*y**3 - 4*y**2 + 3. Let i(c) = 2*s(c) - 7*t(c). Determine i(2).
-9
Let i(k) = -8 + 8 + 2*k. Let n(b) = b**2 - 3*b - 6. Let f be n(5). Calculate i(f).
8
Suppose 4*x = 2*x + b - 4, 4*x + 4 = 3*b. Let t(c) = c**3 + 4*c**2 - 3*c - 5. Give t(x).
7
Let y(z) = -6*z**2 - 3*z. Suppose -3 = -h + 4*h. Let t be (-10)/(-2)*(6 - 5). Let l(b) = -b**2 - b. Let u(k) = h*y(k) + t*l(k). Calculate u(3).
3
Let i(s) = 2*s**3 - 10*s**2 + 7*s - 15. Let d(h) = h**3 - 5*h**2 + 3*h - 8. Let k(a) = -5*d(a) + 3*i(a). Let x be -2 + ((-18)/1)/(-3). Calculate k(x).
3
Let q(s) = -s**3 - 2*s**2 + 2. Let m be q(-2). Suppose -d + 10 = -2*u - m*u, -3*d - 15 = 3*u. Let h(t) = 0*t**2 - 3*t**2 + 5 - 2 - 5 - 3*t. Calculate h(d).
-8
Let h(y) = -y**2 + 8*y - 7. Suppose -10 = -3*p - 4*w + 8, 0 = 5*p - 3*w - 30. Determine h(p).
5
Let h(c) = -5*c + 0*c + 3*c - 2. Let l(w) be the third derivative of -w**6/120 + 3*w**5/20 - w**4/3 + w**3/3 + w**2. Let a be l(8). What is h(a)?
-6
Suppose -2*n - 2*p + 2 = n, 4*p = -8. S